s digit of 3196247?
6
What is the hundreds digit of 1362255?
2
What is the hundreds digit of 13322554?
5
What is the tens digit of 453748?
4
What is the ten thousands digit of 4269886?
6
What is the thousands digit of 1647846?
7
What is the hundreds digit of 19191?
1
What is the ten thousands digit of 176095?
7
What is the hundreds digit of 488689?
6
What is the ten thousands digit of 8482509?
8
What is the ten thousands digit of 2675633?
7
What is the millions digit of 7978919?
7
What is the hundreds digit of 153605?
6
What is the hundred thousands digit of 160646?
1
What is the hundred thousands digit of 1497654?
4
What is the tens digit of 126927?
2
What is the millions digit of 1464033?
1
What is the ten thousands digit of 13586407?
8
What is the tens digit of 139649?
4
What is the hundreds digit of 177738?
7
What is the tens digit of 22128586?
8
What is the hundreds digit of 2143782?
7
What is the hundred thousands digit of 256182?
2
What is the hundred thousands digit of 8463499?
4
What is the tens digit of 7380443?
4
What is the tens digit of 844798?
9
What is the thousands digit of 65521?
5
What is the ten thousands digit of 1805188?
0
What is the thousands digit of 97777?
7
What is the hundreds digit of 3280574?
5
What is the ten thousands digit of 862039?
6
What is the hundreds digit of 3602633?
6
What is the ten thousands digit of 35001?
3
What is the ten thousands digit of 23062051?
6
What is the millions digit of 1891267?
1
What is the ten thousands digit of 10157445?
5
What is the ten thousands digit of 1700583?
0
What is the ten thousands digit of 17240601?
4
What is the ten millions digit of 24638363?
2
What is the ten thousands digit of 470060?
7
What is the hundreds digit of 5371340?
3
What is the units digit of 1966767?
7
What is the thousands digit of 132600?
2
What is the units digit of 257099?
9
What is the millions digit of 2633277?
2
What is the tens digit of 1815073?
7
What is the hundred thousands digit of 301183?
3
What is the millions digit of 4715635?
4
What is the hundreds digit of 366484?
4
What is the hundred thousands digit of 4189965?
1
What is the ten thousands digit of 6189291?
8
What is the thousands digit of 139511?
9
What is the thousands digit of 389337?
9
What is the millions digit of 14910268?
4
What is the hundred thousands digit of 277433?
2
What is the units digit of 294966?
6
What is the ten thousands digit of 15622966?
2
What is the hundred thousands digit of 18092155?
0
What is the tens digit of 710809?
0
What is the tens digit of 353472?
7
What is the hundreds digit of 6671105?
1
What is the hundreds digit of 310802?
8
What is the hundreds digit of 1321604?
6
What is the hundred thousands digit of 7429785?
4
What is the thousands digit of 631699?
1
What is the thousands digit of 15912?
5
What is the tens digit of 314788?
8
What is the units digit of 4409411?
1
What is the tens digit of 233458?
5
What is the hundreds digit of 139293?
2
What is the thousands digit of 2397485?
7
What is the tens digit of 1221053?
5
What is the hundred thousands digit of 20666247?
6
What is the hundreds digit of 2340441?
4
What is the ten millions digit of 21250503?
2
What is the millions digit of 1053248?
1
What is the hundreds digit of 119126?
1
What is the tens digit of 2297438?
3
What is the thousands digit of 64149?
4
What is the millions digit of 8103784?
8
What is the hundred thousands digit of 215653?
2
What is the tens digit of 14825858?
5
What is the hundred thousands digit of 3958993?
9
What is the ten thousands digit of 577911?
7
What is the thousands digit of 8345?
8
What is the units digit of 1110622?
2
What is the thousands digit of 2280154?
0
What is the hundred thousands digit of 133552?
1
What is the hundred thousands digit of 740523?
7
What is the millions digit of 1128067?
1
What is the ten thousands digit of 3013537?
1
What is the units digit of 7969338?
8
What is the hundred thousands digit of 245828?
2
What is the ten thousands digit of 497625?
9
What is the hundred thousands digit of 2051015?
0
What is the ten thousands digit of 1236904?
3
What is the thousands digit of 5189955?
9
What is the thousands digit of 182165?
2
What is the units digit of 388124?
4
What is the hundred thousands digit of 227038?
2
What is the tens digit of 786865?
6
What is the tens digit of 9424801?
0
What is the millions digit of 6341991?
6
What is the hundreds digit of 336533?
5
What is the ten thousands digit of 2755467?
5
What is the tens digit of 268190?
9
What is the ten thousands digit of 8640618?
4
What is the units digit of 419209?
9
What is the millions digit of 2441636?
2
What is the tens digit of 12897370?
7
What is the hundreds digit of 15383398?
3
What is the thousands digit of 1434663?
4
What is the tens digit of 23867179?
7
What is the ten millions digit of 11545943?
1
What is the ten thousands digit of 5113656?
1
What is the ten thousands digit of 3261692?
6
What is the hundreds digit of 618588?
5
What is the hundreds digit of 844925?
9
What is the tens digit of 228891?
9
What is the tens digit of 14457243?
4
What is the hundreds digit of 17996166?
1
What is the ten thousands digit of 159632?
5
What is the thousands digit of 731964?
1
What is the hundreds digit of 771901?
9
What is the tens digit of 1585815?
1
What is the thousands digit of 11746996?
6
What is the hundred thousands digit of 21845002?
8
What is the hundreds digit of 134140?
1
What is the hundred thousands digit of 124999?
1
What is the millions digit of 2128587?
2
What is the units digit of 5611002?
2
What is the tens digit of 166291?
9
What is the hundreds digit of 94111?
1
What is the units digit of 849905?
5
What is the units digit of 1110942?
2
What is the tens digit of 176463?
6
What is the tens digit of 19520716?
1
What is the thousands digit of 304999?
4
What is the ten thousands digit of 12829452?
2
What is the units digit of 12852016?
6
What is the hundreds digit of 116994?
9
What is the ten thousands digit of 877208?
7
What is the millions digit of 3489067?
3
What is the hundreds digit of 411296?
2
What is the thousands digit of 210283?
0
What is the millions digit of 1265103?
1
What is the millions digit of 3524340?
3
What is the ten thousands digit of 4924233?
2
What is the ten thousands digit of 153581?
5
What is the ten thousands digit of 557349?
5
What is the units digit of 765394?
4
What is the millions digit of 3428572?
3
What is the hundreds digit of 6282541?
5
What is the hundred thousands digit of 334602?
3
What is the ten millions digit of 15473777?
1
What is the hundred thousands digit of 2527851?
5
What is the tens digit of 449223?
2
What is the millions digit of 3335547?
3
What is the tens digit of 7243675?
7
What is the tens digit of 739710?
1
What is the ten thousands digit of 20102085?
0
What is the units digit of 25138814?
4
What is the hundred thousands digit of 1554084?
5
What is the thousands digit of 614033?
4
What is the hundred thousands digit of 1171744?
1
What is the ten thousands digit of 625266?
2
What is the hundred thousands digit of 465816?
4
What is the ten thousands digit of 25925557?
2
What is the ten thousands digit of 350481?
5
What is the tens digit of 242252?
5
What is the tens digit of 33284?
8
What is the hundred thousands digit of 148933?
1
What is the ten thousands digit of 2857668?
5
What is the hundreds digit of 3026792?
7
What is the thousands digit of 271884?
1
What is the units digit of 263783?
3
What is the ten thousands digit of 5547604?
4
What is the ten thousands digit of 101893?
0
What is the millions digit of 1096899?
1
What is the hundreds digit of 2270788?
7
What is the hundred thousands digit of 190798?
1
What is the units digit of 25057984?
4
What is the units digit of 135011?
1
What is the units digit of 421239?
9
What is the hundred thousands digit of 683478?
6
What is the units digit of 131537?
7
What is the hundred thousands digit of 511707?
5
What is the ten millions digit of 25095312?
2
What is the ten thousands digit of 228228?
2
What is the thousands digit of 178665?
8
What is the ten thousands digit of 347316?
4
What is the units digit of 1338540?
0
What is the hundreds digit of 192873?
8
What is the hundreds digit of 32107920?
9
What is the hundreds digi